mposite number?
True
Let z(o) = 2189*o**3 + 25*o**2 - 96*o + 209. Is z(7) composite?
True
Suppose 82*w + 13379 = d + 81*w, 3*w = -5*d + 66911. Is d composite?
False
Let i be -22 - 0 - 57/19. Is (-26023)/i + 2/25 prime?
False
Let v(n) = 3*n + 33. Let r be v(-10). Let z be -1*(r + 0)*10570/21. Let b = z - -2565. Is b composite?
True
Let m be 3 + (-2)/3 - (-10)/15. Is 60365/17 + (6/17)/m a prime number?
False
Suppose 675*t - 6611132 = 631*t. Is t prime?
False
Let r = -22 - -34. Let n(z) = 251*z - 21 + 8 + r + 10. Is n(2) composite?
True
Suppose 8*c + 74 - 106 = 0. Suppose c*z - 3418 = 5*v - 25827, -6*v = 2*z - 26884. Is v a prime number?
True
Suppose 600*m - 158472795 = 956309375 - 9789770. Is m composite?
True
Suppose 7*m - 4*m + 16 = 4*g, 2*m + 4*g + 4 = 0. Let v be (-77)/(-22) - 2/m. Suppose 4*c - 1491 = 5*w, 178 + 1353 = v*c + 3*w. Is c a prime number?
True
Let t(s) = -3*s**2 + 14*s - 3. Let f be t(4). Let z(d) = 15*d**3 - 10*d**2 + 10*d + 10. Is z(f) prime?
False
Is (46 - 21 - 34) + (2 - -144154) a prime number?
False
Let z(a) = -a**3 + 4*a**2 - a. Let h be z(4). Let w be 13/h + -3*(-4)/(-16). Is -1*4/w*7 composite?
False
Let w be (-6)/16 - 17041*15/(-40). Suppose -5*u + 26069 - w = 3*s, 5*u - 26242 = -4*s. Is s a prime number?
True
Let u(r) = -4*r**3 - 8*r**2 + 274*r + 75. Is u(-34) composite?
False
Let m(s) = -8*s + 0*s + 25 + 0*s - 7*s + 3*s**2. Let r be m(-19). Suppose 0 = 13*x - r - 7330. Is x prime?
False
Is 28898 - (30/(-3) + 1) prime?
False
Let p(y) = 30320*y + 44. Let d be p(5). Suppose -11*j + d = j. Is j composite?
False
Let t(i) = 38*i - 38. Let o(u) = -7 + 4*u - 23*u + 25. Let a(g) = 7*o(g) + 4*t(g). Is a(3) composite?
False
Suppose 2*u + 179*i = 182*i + 583613, u = 4*i + 291789. Is u prime?
True
Suppose 4*t = -v - 660, 5*v - 12 - 8 = 0. Let w be t/18 - 34/(-153). Is (-276)/w + (-2)/(-6) composite?
False
Suppose -18*p = -13*p - 54310. Suppose -7*q + 5*q = -p. Is q composite?
False
Let u(n) = -226*n - 21. Let v be (-7 + 11)/((-2)/(-6)). Let s(l) = -2*l + 17. Let i be s(v). Is u(i) a composite number?
True
Let t = -77 - -100. Suppose t*q - 5*q - 9378 = 0. Is q a composite number?
False
Let y(q) = -411*q**3 - 2*q + 10. Let b be (4 - 3)*(-18)/6. Is y(b) prime?
True
Suppose -1923*c + 2037772 = -1807*c. Is c prime?
False
Let g be 3*(-2 - (-16)/3). Let v(k) be the third derivative of k**5/30 - k**4/12 + 7*k**3/3 - 79*k**2. Is v(g) a composite number?
True
Suppose 2 = 2*h, 3*y + 43917 = -h - 2180. Let d = 23063 + y. Is d a composite number?
True
Let u(w) = -2*w + 29. Let k be u(13). Let o(p) = 29 - 42 - 18*p - k*p**2 + 5*p**2. Is o(-8) prime?
False
Let h(d) = 800*d**2 + 24*d + 31. Is h(-6) composite?
False
Suppose -4*j + 813466 = 2*c, 26*j = 24*j + 16. Is c composite?
False
Suppose -5*s + 1611 = -5754. Suppose -r + 544 = v, 2*r + v = -388 + s. Is r composite?
False
Is (-2*2/4)/((-1)/40241) composite?
False
Suppose -215*z - 4*b - 1350 = -217*z, -5*z + 4*b = -3405. Is z a prime number?
False
Suppose -1811672 = -48*v + 1061752. Is v a prime number?
True
Let a(f) = -3*f + 35. Let u be a(5). Suppose -6453 = -7*p - u*p. Is p composite?
False
Is ((-135548)/(-8) + 1)/(1/2) prime?
True
Suppose 66*c - 5598029 = -170*c + 10529975. Is c a prime number?
False
Let c(w) = 9*w - 355. Let t be c(40). Suppose t*z - 39566 - 40469 = 0. Is z prime?
True
Let o be 2/8 - (-2)/(8/(-1)). Suppose -a - 30*a + 65999 = o. Is a a prime number?
True
Let t(s) = -s + 325 - 324 + 51*s**2 + 4*s. Is t(-2) prime?
True
Suppose 0 = -7*s + 10*s - 3*v - 6, 2 = -v. Suppose 4*n - 603 = -y, -6*y + y - 4*n + 3095 = s. Is y composite?
True
Is (137 - -26906) + (-10 - 0) a prime number?
False
Suppose -216*o = 127*o - 204158059. Is o prime?
False
Let t(b) = 131*b**3 - 6*b**2 - 6*b - 126. Is t(7) composite?
True
Let a(k) = 715*k - 34. Let t be a(3). Suppose -23834 = -5*p + t. Is p composite?
False
Suppose -1500 = 14*h - 2*h. Let c = h - -100. Is (2333/6)/(c/(-150)) a prime number?
True
Suppose -1353447 = -5*l - 2*w, 3*l + 34*w = 33*w + 812069. Is l prime?
False
Let a(y) = 74*y**2 - 2*y - 5. Suppose 0 = -22*n + 16*n + 24. Is a(n) prime?
True
Suppose 131*o + 136*o = 275*o - 426136. Is o prime?
True
Let l(v) = 261*v**3 - 6*v**2 + 22*v + 2. Is l(11) a composite number?
True
Let t(i) = 7 - 6*i**2 - i + 7*i**3 - 8*i**3 + 2. Let y be t(-6). Suppose -4*b - 4*p = -3336, p = 4*p + y. Is b prime?
True
Let k(z) = 41*z**3 - 4*z**2 + 2*z + 4. Let u = -33 + 36. Let j be k(u). Let s = j - 728. Is s a composite number?
False
Suppose 90400488 + 101461536 = 109*p + 63713231. Is p composite?
False
Suppose c - 3296 - 995 = 5*h, -2*c + 8612 = 5*h. Let g = c + -2751. Let a = g - 451. Is a composite?
True
Let f = -59 - -78. Suppose -f*o = -13*o - 5190. Is o a composite number?
True
Suppose -9*l + 168567 = -354594. Is l a composite number?
False
Let g be (0 + -3)/(2 - (-1833)/(-912)). Suppose 4*x + 3*b = 993, -2*x + g + 203 = 5*b. Suppose x = o - 247. Is o composite?
True
Suppose -2*l + 3641180 + 2567215 = 5*m, -5*l = 2*m - 2483337. Is m a prime number?
False
Let y = -41140 - -82567. Suppose 4*j + m - y = 0, 0*m - 51783 = -5*j - 2*m. Is j a composite number?
False
Suppose 366*i - 78127801 = 85951097. Is i a prime number?
True
Suppose -6*s + 5*s + 760 = 0. Let u = 1422 - s. Is u a prime number?
False
Suppose 53*l - 22583983 + 988232 = 0. Is l prime?
False
Let b = 13028 - 3771. Is b a prime number?
True
Suppose -12 = -3*f - s + 4*s, -4*s + 12 = 3*f. Suppose -2*j + 3*j - 3283 = 4*v, f*v + 6582 = 2*j. Is j a prime number?
True
Let b(k) = 712*k**2 + 65*k - 36. Is b(5) a composite number?
False
Let o be (-116)/(-12) + -2*(-2)/12. Suppose o = -2*z - 4*j, -31 = -5*z + 5*j + 4. Suppose z*t = -2*t + 11075. Is t a composite number?
True
Let f(r) = -2*r**2 - 2*r + 8. Let q = 28 + -26. Let d be f(q). Is 3 + -4 - -494 - d prime?
False
Let h(l) be the first derivative of -129*l**2/2 + 75*l + 87. Is h(-4) composite?
True
Suppose 164*n + 109*n = -170*n + 58697057. Is n composite?
False
Suppose 0 = -1144*t + 1146*t - 2872. Suppose -2*b + 15 - 1 = 0. Suppose b*w = 1049 + t. Is w a prime number?
False
Let c(n) = 1094*n - 531. Is c(6) a composite number?
True
Let q(l) be the first derivative of l**4 - 2*l**3/3 - l**2/2 + 2*l + 17. Let u be q(1). Suppose u*p + 3*z - 654 = 6*z, 1100 = 5*p - 3*z. Is p a prime number?
True
Suppose 10*r + 13*r - 4662649 = -6*r. Is r a prime number?
True
Is (-7)/((-56)/(-523038))*52/(-39) composite?
True
Suppose 0*t = -9*t - 1053. Is (t - -3493) + 1 + 1 + -1 a prime number?
False
Is ((-1809)/(-1206))/(3/282158) a prime number?
True
Let z = 72 - 64. Let i(n) = -4*n + 38. Let l be i(z). Is 101/4*-6*(-52)/l a prime number?
False
Let k(o) = 562*o + 68. Let j be k(8). Let n = 817 + j. Is n prime?
True
Suppose -80*i - 24*i = -12*i - 15718108. Is i a prime number?
False
Is 2/((-64)/768 + (-87130)/(-1044984)) a prime number?
True
Let x be (0 + 0 + 0)/2. Suppose 2*h + 4*q - 5658 = x, 4*h = -0*h - 2*q + 11328. Is h a composite number?
False
Suppose -4*w - 2982 + 12690 = 0. Is (6 - w/6)*-2 a composite number?
False
Let i(c) = 7226*c + 1770. Is i(16) prime?
False
Let q = -194 - -197. Suppose -4*l + 4*h = -24312, q*l - 4*l = 4*h - 6083. Is l prime?
True
Let a(v) = 103*v**2 - 353*v + 43. Is a(-19) a prime number?
True
Let j be (-6)/21 + (-335439)/(-21). Suppose 31855 = 11*d - j. Suppose -2*p + 3*z = -2174, -z - 4*z = 4*p - d. Is p a prime number?
True
Let v(j) = 1849*j - 282. Let a be v(30). Suppose -4*q = -2*f + 27588, -4*f + 8*f - 2*q - a = 0. Is f prime?
False
Suppose 36*v - 4*f - 782460 = 35*v, 2*f = 5*v - 3912246. Is (v/(-80))/((-1)/5) a prime number?
False
Suppose -4*b + 9*p = 4*p - 40, -2*b + 38 = 2*p. Let v = b + 164. Is v a composite number?
False
Let w be (-149)/4 - (-1 - -5)/(-16). Let d = w + 58. Let f = 52 - d. Is f prime?
True
Is (1 - (-12 - -28)) + 258902 prime?
True
Let i(h) be the third derivative of 19/6*h**3 - 1/12*h**4 + 0 - 6*h**2 + 11/60*h**5 + 0*h. Is i(-10) prime?
False
Suppose 454 + 248 = 3*b. Let k = 751 + b. Let g = 1722 - k. Is g prime?
False
Let d(f) = f**3 + 11*f**2 + 13*f + 28. Let m be d(-10). Is 2 - (-1 + 2 - (m - -1478)) prime?
False
Suppose 15*y - 147 - 3 = 0. Suppose 2*a - y = 0, 0*a = -2*f + 4*a + 2754. Is f prime?
False
Suppose 2*p = 5*h - 2116, 2*p - 1251 = -3*h - 3*p. Is h 